 be -4 + ((-1)/7 - (-7288)/56). Calculate the greatest common divisor of x and y.
14
Let s(p) = -2*p - 18. Let i be s(-13). Let b(d) = d**3 + 0*d**3 - 3 - d + i*d**2 + 2*d. Let o be b(-4). What is the greatest common divisor of 38 and o?
19
Let o(x) = -x**3 + 4*x**2 + 7*x - 10. Let k be o(4). Let a = -1 - 1. Let n be 58/2 + a/1. Calculate the highest common divisor of k and n.
9
Let m = 3 - 3. Suppose -2*u + 2 = m, -4*f + f - 5*u + 23 = 0. Suppose -4*v + 8 + 16 = 0. What is the greatest common divisor of v and f?
6
Let h be 1*(1 - 13)*-1. Suppose h = -3*s, -3*b + 77 = -2*s + 21. Let z(l) = 15*l**2 + 2*l. Let n be z(2). What is the greatest common divisor of b and n?
16
Let a(v) = -v + 5. Let r be a(0). Suppose -w + 60 = r*d, d + 5*w + 51 = 3*d. Calculate the highest common divisor of d and 26.
13
Let s(p) = p**2 - 26*p + 296. Let d be s(17). What is the greatest common divisor of 88 and d?
11
Let n be (-4)/((4 - -2)/(-6)) + 0. What is the greatest common divisor of 412 and n?
4
Let b(z) = -z + 2. Let c be b(-5). Let f be -3 + (-63 - (-2 - -3)). Let t = 10 - f. Calculate the greatest common divisor of c and t.
7
Suppose 0 = d - 12*q + 8*q - 87, 2 = 2*q. What is the highest common factor of d and 52?
13
Suppose -3*o = -5*r - 80, 0 = 2*o - 3*o + 4*r + 36. Calculate the highest common factor of o and 10.
10
Let v be 614/6 - (-1)/(-3). Let r be 10*(v/10 + 1). Suppose p + 5*i - 16 = 0, -7*i + 80 = 5*p - 8*i. Calculate the greatest common factor of p and r.
16
Suppose -7*q = 2*q - 198. What is the highest common factor of 374 and q?
22
Suppose -298 = -2*h + 4*a, -3*a - 581 = -15*h + 11*h. Calculate the greatest common divisor of h and 33.
11
Let c(i) = i**2 + 5*i - 60. Let u be c(7). Let a be 2/(0 - (-3)/54). What is the highest common factor of a and u?
12
Let y(c) = 4*c**2 - 4*c + 2. Let h be y(2). Let l(g) = 8*g**2 + 3*g - 11. Let t be l(3). What is the highest common divisor of t and h?
10
Suppose 3*f - 108 - 1 = -1. Suppose 3*u - 26 = 10. Calculate the highest common factor of f and u.
12
Suppose 4*z + x = -45, 0*x - 15 = z - x. Let g be z/28 + (-9)/(-21). Suppose -5*q + 182 - 7 = g. What is the greatest common divisor of 14 and q?
7
Let m = -97 + 196. Suppose 2*k = -t + 16 + 19, k = -2*t + 61. Let p = t - 20. What is the greatest common factor of p and m?
9
Suppose 7*x + 192 = 5*x + 4*y, 2*y = -2. Let s = x - -114. Suppose -86 = -z + 58. Calculate the greatest common factor of z and s.
16
Suppose 30*j = 2*j + 168. What is the highest common divisor of j and 948?
6
Let t = 88 - 81. Calculate the greatest common factor of 7 and t.
7
Let d be ((-475)/(-75))/((-1)/(-3)). Suppose -192 = -d*o + 11*o. What is the greatest common factor of 216 and o?
24
Let q = -17 + 29. Suppose -7*y + q*y = -105. Let k = y + 66. What is the greatest common divisor of 18 and k?
9
Let i(g) = -24 - 5*g + 25 - 6*g. Let l be i(-1). What is the greatest common factor of l and 60?
12
Let n = 1521 + -1206. Calculate the greatest common factor of 280 and n.
35
Let k(n) = n**2 + 5*n - 10. Let z be k(2). Calculate the greatest common factor of z and 8.
4
Suppose 1965 = 7*g + 215. Calculate the greatest common factor of 10 and g.
10
Let r be (57 - 12)*(-2)/(-6). Let q = -101 + 106. What is the greatest common factor of r and q?
5
Let y be -1 + (2/2 - -1). Let n be (y + 4 - 0)*1. Let m be 36/(-48)*-12 + (14 - -2). Calculate the greatest common divisor of m and n.
5
Suppose 4*f - 419 - 1 = 0. Let g = 33 + -18. What is the highest common factor of f and g?
15
Let o = -46 + 46. Suppose o*u - u = -100. Let n be -40*(-2 + 1)*1. Calculate the highest common factor of n and u.
20
Let w be 15/((-19)/(26600/(-15))). Calculate the highest common factor of 40 and w.
40
Let k = -35 + -35. Let v = -14 - k. Suppose 2*a - 26 = -5*f, -a + 3*f = 2*a - 18. Calculate the highest common factor of a and v.
8
Suppose 4*a + 4*m = 752, -2*a - 3*m = -7*a + 900. Calculate the highest common divisor of 427 and a.
61
Suppose 18*j - 20*j = -4*a + 8, 0 = 4*a - 3*j - 4. Calculate the greatest common divisor of 19 and a.
1
Let y = 560 + -240. Calculate the highest common factor of y and 360.
40
Let a = -203 - -206. Suppose -4*d + 45 = -15. What is the greatest common divisor of d and a?
3
Let c be (-125)/(-50)*(-16)/(-5). Let t be ((-24)/(-5))/(1/15). What is the highest common factor of t and c?
8
Suppose 0 = 5*i - i - 3*a - 60, 5*i + 3*a = 75. Let b = -1024 - -1084. Calculate the greatest common factor of b and i.
15
Let a(u) = 10*u**2 + 5*u + 6. Suppose -b = -2*b - 3. Let c be a(b). What is the highest common divisor of c and 27?
27
Let s = 11 - 6. Suppose s*q - g - 68 = 37, -3*q + 41 = -5*g. Suppose d - 3*d + 352 = 0. Calculate the greatest common divisor of q and d.
22
Let a = -13 + 35. Calculate the highest common divisor of 22 and a.
22
Suppose 5*i - 290 = 2*x - 5*x, -4*x + 75 = i. Let q be 88/(-5)*395/(-316). What is the highest common divisor of q and i?
11
Let q = 141 - 84. Let u = -21 + q. Calculate the greatest common divisor of u and 48.
12
Suppose 4*l = 177 + 319. Calculate the highest common factor of l and 558.
62
Let h(c) = 6 - 17*c - 6*c**2 - c**3 - 4*c**2 - 7*c + 2*c**3. Let d be h(12). What is the highest common divisor of d and 48?
6
Suppose -28*a = -26*a - 4. Suppose -a*i + 54 = -3*m, 4*m + 0*m - 112 = -5*i. Calculate the highest common factor of 12 and i.
12
Suppose -330*p = -336*p + 48. What is the greatest common factor of p and 40?
8
Let k = 84 - 73. Suppose -2*b - 495 = -7*b. Calculate the highest common factor of b and k.
11
Suppose 3*z - 522 = -3*x, -z - 3*z = -5*x - 705. Calculate the highest common factor of z and 105.
35
Let y(w) = -w**3 - 10*w**2 + 11*w - 13. Let i be y(-12). Calculate the highest common factor of 341 and i.
11
Let o = 244 - 148. Calculate the greatest common divisor of o and 60.
12
Let n be (252/(-45))/(1 + 7/(-5)). Suppose 0*y + y = -4*x + 107, 74 = 3*x + 2*y. Calculate the highest common factor of n and x.
14
Suppose 474 = -4*y + 486. Calculate the greatest common factor of y and 39.
3
Let d = 170 - 18. Suppose -84 = -0*q - 7*q. Suppose 9*c = q*c - 57. What is the highest common divisor of d and c?
19
Let g = 1187 + -668. Let p = g - 369. Calculate the highest common divisor of p and 60.
30
Suppose 2*t - 384 = -n, 2*n + 4*t + t - 763 = 0. Let v = n + -229. Calculate the highest common factor of v and 15.
15
Let l be -3 + 1 - (4 + -64)/6. Suppose 0 = l*i - 15*i + 21. Calculate the highest common divisor of 27 and i.
3
Let v(o) be the second derivative of -5*o**3/3 - 6*o**2 + 8*o. Let w be v(-10). Suppose -5*x + 20 = -20. Calculate the greatest common divisor of w and x.
8
Let t(h) = -14*h + 2. Let i be t(-5). Let j(l) = -l**2 - 3*l - 2. Let z be j(-7). Let b be ((-3)/(-5))/((-2)/z). Calculate the highest common factor of i and b.
9
Let u be ((-6)/(-15)*1)/((-12)/(-870)). Calculate the greatest common divisor of 232 and u.
29
Let x = 54 - 52. Suppose -2*n + 9*p + 632 = 10*p, -x*n - 2*p = -634. Calculate the highest common factor of n and 45.
45
Suppose 0 = 5*m + 5, 2*m - 27 = -3*v - m. Let r(x) = 24*x + 2. Suppose -9 = -5*c + 1. Let d be r(c). What is the greatest common divisor of v and d?
10
Let z(p) = -p**2 - 12*p + 16. Let l be z(-9). Let t(i) = i**2 + i - 22. Let b be t(0). Let m = b + l. Calculate the greatest common divisor of 7 and m.
7
Let q(u) = 10*u**2 + 2*u - 1. Let z be (3/(-9))/(3/(-9)). Let r be q(z). What is the greatest common factor of r and 11?
11
Suppose -3*i - s = -56, -2*i + 5*s = 9 - 69. Calculate the highest common factor of 340 and i.
20
Suppose -2*m = 2*m - 264. Suppose u - 177 = -o, -2*u + 3*o = -415 + m. Calculate the highest common divisor of 16 and u.
16
Let o = 28 + -20. Suppose w - 92 = -4*d, d - 2*w = 3 + 29. Suppose 2*z - d = 24. What is the greatest common divisor of z and o?
8
Let k = 823 + -711. Let m be 33/2 + (-2)/4. Calculate the greatest common factor of m and k.
16
Suppose 4*b = 3*x - 56, -25*b + 22*b - 22 = -x. What is the greatest common divisor of x and 4?
4
Suppose 19*n - 396 = 7*n. Calculate the greatest common factor of n and 22.
11
Let i(s) = -3 - 163*s + 0 - s**2 - 2 + 170*s. Let c be i(3). What is the highest common factor of c and 77?
7
Let y = 37 + -39. Let v(m) = -3*m - 4. Let x be v(y). Calculate the hi